common divisor of 1425 and 75?
75
Calculate the highest common factor of 2501 and 41.
41
Calculate the highest common factor of 4077 and 27.
27
Calculate the greatest common factor of 1425 and 57.
57
Calculate the greatest common factor of 1128 and 312.
24
Calculate the highest common divisor of 299 and 39.
13
Calculate the highest common factor of 708 and 3.
3
What is the highest common factor of 11245 and 52?
13
Calculate the greatest common factor of 117 and 9.
9
What is the highest common factor of 902 and 164?
82
Calculate the greatest common divisor of 68 and 7582.
34
What is the greatest common divisor of 660 and 96?
12
Calculate the highest common factor of 21296 and 176.
176
Calculate the highest common divisor of 306 and 90.
18
What is the highest common divisor of 234 and 108?
18
Calculate the highest common divisor of 705 and 4371.
141
Calculate the highest common factor of 35 and 385.
35
What is the highest common divisor of 78 and 50076?
78
What is the highest common divisor of 84 and 1533?
21
What is the highest common factor of 4 and 218?
2
What is the highest common divisor of 84 and 1050?
42
Calculate the greatest common factor of 455 and 325.
65
What is the greatest common divisor of 81 and 34101?
81
Calculate the highest common factor of 13310 and 110.
110
What is the greatest common factor of 371 and 7?
7
Calculate the highest common divisor of 11 and 352.
11
What is the highest common factor of 7 and 28?
7
What is the greatest common divisor of 5993 and 39?
13
Calculate the greatest common factor of 231 and 14.
7
Calculate the highest common factor of 5 and 1835.
5
What is the highest common factor of 19 and 342?
19
Calculate the highest common divisor of 2655 and 30.
15
What is the greatest common factor of 9 and 381?
3
Calculate the greatest common factor of 28 and 68.
4
What is the highest common factor of 16011 and 27?
27
Calculate the highest common divisor of 4 and 386.
2
Calculate the highest common divisor of 32 and 176.
16
What is the highest common divisor of 625 and 225?
25
Calculate the highest common factor of 420 and 522.
6
What is the greatest common divisor of 85 and 105?
5
Calculate the highest common factor of 128 and 9344.
128
Calculate the highest common divisor of 57 and 323.
19
What is the highest common divisor of 4190 and 20?
10
Calculate the highest common factor of 1728 and 54.
54
What is the highest common factor of 40 and 25?
5
What is the highest common factor of 9 and 1143?
9
What is the highest common factor of 72 and 32?
8
What is the highest common divisor of 63 and 6?
3
Calculate the greatest common divisor of 48 and 128.
16
Calculate the greatest common divisor of 6887 and 639.
71
What is the greatest common factor of 155 and 35?
5
Calculate the greatest common divisor of 8 and 6376.
8
Calculate the highest common factor of 1725 and 75.
75
What is the highest common factor of 138 and 759?
69
Calculate the greatest common divisor of 1424 and 16.
16
Calculate the highest common factor of 200 and 392.
8
Calculate the highest common factor of 6920 and 16.
8
Calculate the greatest common factor of 216 and 378.
54
Calculate the greatest common divisor of 13320 and 20.
20
What is the greatest common divisor of 111 and 4773?
111
Calculate the highest common factor of 165 and 264.
33
What is the highest common divisor of 17 and 153?
17
Calculate the highest common divisor of 16 and 208.
16
What is the highest common factor of 68 and 11917?
17
Calculate the highest common factor of 606 and 65751.
303
What is the greatest common divisor of 50 and 1775?
25
What is the highest common divisor of 973 and 140?
7
Calculate the greatest common factor of 304 and 16.
16
What is the highest common divisor of 1664 and 26?
26
What is the greatest common factor of 89720 and 40?
40
What is the highest common factor of 1524 and 12?
12
What is the highest common divisor of 1037 and 549?
61
Calculate the greatest common factor of 174 and 24.
6
Calculate the highest common factor of 124 and 6138.
62
What is the greatest common factor of 100 and 340?
20
What is the highest common divisor of 142 and 2?
2
Calculate the highest common factor of 28 and 9226.
14
What is the highest common factor of 1428 and 84?
84
Calculate the greatest common divisor of 115 and 4.
1
Calculate the greatest common divisor of 48 and 108.
12
What is the greatest common factor of 116 and 80?
4
What is the greatest common factor of 2700 and 27?
27
Calculate the greatest common divisor of 960 and 60.
60
What is the highest common divisor of 3872 and 528?
176
What is the highest common divisor of 4 and 356?
4
Calculate the greatest common factor of 891 and 33.
33
What is the highest common divisor of 28671 and 57?
57
Calculate the highest common factor of 202 and 707.
101
What is the greatest common divisor of 915 and 15?
15
Calculate the highest common factor of 104 and 13.
13
What is the greatest common factor of 7736 and 8?
8
What is the greatest common factor of 260 and 20?
20
Calculate the highest common divisor of 436 and 1417.
109
What is the highest common divisor of 28210 and 217?
217
Calculate the greatest common factor of 16 and 6880.
16
Calculate the highest common divisor of 264 and 341.
11
What is the highest common factor of 66 and 22?
22
What is the highest common factor of 17 and 51?
17
Calculate the greatest common factor of 680 and 40.
40
What is the highest common factor of 4 and 211?
1
What is the greatest common factor of 28 and 1064?
28
Calculate the greatest common divisor of 935 and 12529.
187
Calculate the greatest common factor of 440 and 2915.
55
What is the greatest common factor of 1273 and 1007?
19
What is the greatest common divisor of 1004 and 4?
4
Calculate the highest common divisor of 2370 and 120.
30
What is the greatest common divisor of 40 and 40?
40
Calculate the greatest common factor of 20 and 220.
20
What is the greatest common divisor of 400 and 490?
10
What is the highest common factor of 9086 and 308?
154
What is the highest common divisor of 160 and 200?
40
Calculate the highest common divisor of 780 and 208.
52
What is the greatest common divisor of 763 and 1090?
109
Calculate the highest common divisor of 1927 and 423.
47
What is the highest common factor of 88 and 66?
22
Calculate the greatest common divisor of 87 and 2436.
87
What is the highest common divisor of 66 and 2376?
66
Calculate the greatest common factor of 108 and 702.
54
Calculate the highest common factor of 17 and 37.
1
What is the highest common divisor of 12 and 948?
12
Calculate the greatest common factor of 924 and 14.
14
Calculate the greatest common divisor of 168 and 24.
24
Calculate the highest common divisor of 14 and 189.
7
What is the greatest common divisor of 590 and 236?
118
What is the highest common divisor of 1820 and 28?
28
What is the greatest common divisor of 89 and 5?
1
Calculate the highest common factor of 18291 and 21.
21
Calculate the highest common divisor of 42 and 13902.
42
Calculate the highest common factor of 625 and 1375.
125
Calculate the highest common factor of 23375 and 25.
25
Calculate the highest common factor of 33 and 5742.
33
Calculate the highest common factor of 26 and 12.
2
Calculate the highest common factor of 38 and 950.
38
What is the highest common factor of 2914 and 124?
62
What is the greatest common divisor of 16 and 248?
8
Calculate the highest common factor of 23748 and 12.
12
Calculate the greatest common divisor of 220 and 275.
55
What is the highest common divisor of 520 and 455?
65
What is the highest common divisor of 289 and 4981?
17
Calculate the highest common divisor of 735 and 30.
15
Calculate the highest common divisor of 920 and 280.
40
What is the greatest common factor of 1492 and 8?
4
Calculate the highest common divisor of 299 and 13.
13
Calculate the greatest common divisor of 24 and 184.
8
What is the greatest common divisor of 1 and 37?
1
Calculate the highest common divisor of 40 and 16.
8
What is the greatest common divisor of 150 and 6?
6
Calculate the greatest common divisor of 1859 and 253.
11
Calculate the greatest common factor of 600 and 16.
8
Calculate the highest common factor of 21206 and 46.
46
What is the greatest common divisor of 89 and 9